ghest common factor of h and 56.
8
Suppose s = -0 + 4. Suppose 0 = -s*g + 4, 2*g = y - 2*g - 260. What is the highest common divisor of 24 and y?
24
Let s(g) = -2*g - 4. Let t be s(-3). Suppose -7*m + 25 = -t*m. Suppose 4*o + 2*l - 30 = 0, -4*o + 2 = -2*l - 8. Calculate the highest common factor of o and m.
5
Suppose 4*l + 13 = -j, l + 12 = 3*j - 1. Let w be 1/l - 3031/(-28). What is the greatest common divisor of w and 12?
12
Suppose -9 = -l + c, 7 = 4*l - 3*l + c. Suppose -3*q - 195 = -l*q. What is the highest common divisor of q and 13?
13
Suppose 0*v = 5*v, -3*v - 13 = -r. Let f(b) = 716*b**2 - 1. Let d be f(-1). Suppose 0*z = 5*z - d. Calculate the highest common divisor of r and z.
13
Suppose -5*i + 4 = 4*x - 5, 0 = -4*i + 2*x + 28. Let r = i + 0. Suppose 5*f - 8 = r*b + 42, 4*b = -2*f + 44. Calculate the greatest common divisor of f and 14.
14
Suppose 11*r - 15 = 8*r, 5*o + 4*r = 165. Calculate the greatest common factor of o and 29.
29
Suppose 0 = -w + 7 - 1. Suppose -3 = -h, -i + 5*h = -w*i + 860. Suppose -5*u - 2*o = -u - 212, -o - i = -3*u. What is the highest common divisor of u and 11?
11
Let i(u) = u + 9. Let a be i(-7). Suppose a*b - 1 = -q - 12, 0 = 2*q + 5*b + 27. Let z = 2 + q. What is the highest common factor of 2 and z?
1
Let m be ((-7)/3)/(-2 - (-22)/12). Let a = -102 + 68. Let s = a + 55. Calculate the highest common divisor of m and s.
7
Suppose 4*v + 0*o - 4*o - 44 = 0, -4*o - 37 = -3*v. What is the highest common divisor of v and 21?
7
Suppose 19 + 11 = -2*j. Let s = 24 + j. Calculate the greatest common factor of s and 3.
3
Suppose -5*d = 3*f - 2*f + 13, 5*d = -5*f - 5. Suppose -4*m - f*k + 26 = 0, 0 = -4*m - 0*m - 3*k + 31. Calculate the highest common divisor of m and 12.
4
Let t = -5 - -15. Let v be (t/5)/((-4)/(-50)). What is the highest common divisor of 275 and v?
25
Let y(o) = 32*o**2 + o - 1. Let r be y(1). Let m be 96/36*(-6)/(-4). What is the greatest common factor of r and m?
4
Suppose 2*j = 68 + 4. Calculate the greatest common factor of 18 and j.
18
Let l(h) = h**3 + h**2 + 9. Let s be l(0). Let b be 93*(1 + (-24)/s). Let i = b + 232. What is the greatest common divisor of i and 7?
7
Let s(m) be the third derivative of m**5/30 + m**4/24 - 2*m**3/3 - 7*m**2. Let t be s(4). Calculate the highest common factor of 80 and t.
16
Let q be 31/1 + 3 + 1. Let j = q - 14. Calculate the greatest common divisor of 84 and j.
21
Suppose -1 = 10*o - 11*o. What is the greatest common divisor of o and 7?
1
Suppose 3*v = 3*u + 127 + 38, 0 = 2*v - 5*u - 119. Calculate the highest common divisor of 13 and v.
13
Let d(b) = b. Let q be d(2). Suppose q*u = -0*u + 32. What is the greatest common divisor of 80 and u?
16
Let n be -1*(-170 + 2) + -1. Let c = n + -119. Let p be -10 + 12 - 7*-2. Calculate the greatest common factor of c and p.
16
Let a = 22 + 22. Suppose 3*n + 5 + 59 = -2*r, -n - 30 = 5*r. Let i = n - -31. Calculate the highest common divisor of a and i.
11
Suppose 7 = j - 2. Suppose 0*h = 2*h + s - 143, -2*h - 2*s + 142 = 0. Calculate the highest common divisor of h and j.
9
Let n be -2 + (-131 + 1)/(-2). What is the highest common divisor of 7 and n?
7
Let y(w) = -w**2 + w - 8. Let r be y(0). Let n = -6 - r. Calculate the greatest common divisor of 14 and n.
2
Suppose -2 - 8 = -2*n + 2*k, 3*n + 2*k - 30 = 0. Let j be 3/(198/64 - 3). What is the highest common divisor of n and j?
8
Suppose 5*o - 289 = 271. Calculate the greatest common divisor of o and 84.
28
Let z be 3*1/6*2. What is the greatest common factor of z and 2?
1
Suppose -2*m = 3*m - 25. Suppose -90 + 17 = -3*u - m*s, 0 = -s + 5. Calculate the highest common factor of u and 8.
8
Suppose -4*t + 4*d + 800 = 0, 0 = 2*t - 0*d + 4*d - 400. Calculate the highest common factor of t and 25.
25
Let b(r) = 2*r**3 - 4. Let o be b(2). Calculate the greatest common factor of 36 and o.
12
Suppose -4*p = 11 + 5. Let j = 9 + p. Let m(y) = y**2 - 4*y - 3. Let d be m(j). Calculate the greatest common factor of 18 and d.
2
Let b(r) = -r**2 + 8*r + 5. Let x be b(8). Suppose 0 = -x*a + 42 + 73. Calculate the highest common factor of a and 69.
23
Let i be ((-16)/(-10))/((-1)/(-25)). Let w = 5 - 6. Let u = 15 - w. What is the greatest common factor of i and u?
8
Let z(y) = -2*y + 10. Let w be z(10). Let f be (5/w)/((-1)/70). What is the highest common factor of 14 and f?
7
Let w be (-4)/(-4) - 5 - -92. Calculate the greatest common factor of 44 and w.
44
Let q = -207 + 107. Let m be q/(-6)*12/8. What is the highest common factor of m and 5?
5
Let h = -125 - -130. Calculate the highest common factor of 40 and h.
5
Let t = -22 + 32. What is the highest common factor of t and 5?
5
Let n = 69 + -56. What is the greatest common factor of n and 143?
13
Let y(g) = g**2 + 25*g + 59. Let i be y(-23). Suppose -2*b - 191 = -5*w, 3*w + 2*w + 3*b = 201. What is the greatest common factor of i and w?
13
Let w(s) = 7*s**3 + s**2 - 2*s + 1. Let c = -2 - -3. Let x be w(c). Calculate the highest common factor of 21 and x.
7
Let n(q) = q**3 - 4*q**2 - 7*q - 10. Let h be n(6). Calculate the highest common divisor of 12 and h.
4
Suppose 10*h + 25 - 165 = 0. What is the highest common factor of 56 and h?
14
Suppose -3*n + 93 = -x - 0*x, x = -4*n + 117. Calculate the highest common divisor of 240 and n.
30
Let i be 4/(-18) + (-58)/(-18). Suppose -5*m + 4*l = -67, -i*m + 27 = -0*l + 2*l. Let b = m - 7. Calculate the highest common factor of b and 10.
2
Let h(i) = i**3 - i**2 + i + 4. Let w(t) = -t + 3. Let z be w(3). Let d be h(z). Let p be (2/d)/(2/28). What is the greatest common divisor of 35 and p?
7
Suppose 4*u - 2*u - 8 = 0. Calculate the greatest common factor of u and 32.
4
Suppose 0 = -5*p - 4*p + 36. Calculate the greatest common factor of 18 and p.
2
Let r be (2 + -3 - -2) + 13. Suppose -5*n - 5 = 0, -2 = -4*l - 4*n + 2. Suppose 0 = -l*x + r + 148. Calculate the highest common divisor of x and 9.
9
Let i be (1 + -3)*(-6)/4. Suppose 9 + i = 4*k. Suppose -k*j + 25 = 4*a + 2*j, 3*a - 21 = -3*j. Calculate the highest common factor of a and 110.
10
Let p be (3/(-6))/((-2)/216). Let w = 5 - -1. Suppose 3*m + 30 = 4*i - w, 3*i = 2*m + 26. Calculate the highest common divisor of p and i.
6
Suppose -23 = -2*q - 15. Calculate the highest common divisor of q and 28.
4
Let z be (1 - 9/3) + 4. Let y be -1*(-1 + -2 + -1). Calculate the highest common divisor of z and y.
2
Let m be 77945/(-28) + (-2)/8. Let u be 2/7 + m/(-56). Calculate the greatest common factor of u and 10.
10
Suppose 5*w - 78 = 362. Suppose -w - 20 = -k. Let x be -2 - (k/(-1) - -1). What is the highest common factor of x and 15?
15
Let c be 3216/32 + 6/(-4). Calculate the highest common divisor of 33 and c.
33
Suppose -b = -2*i - 2*b + 103, 259 = 5*i + 3*b. Suppose 4*a - 23 - 17 = 0. Calculate the greatest common factor of a and i.
10
Suppose 2*r - 196 = z - 3*z, -2*r = -3*z - 196. What is the greatest common divisor of r and 245?
49
Suppose 5*w - 5 = 10. Let x be w + 0*(-3)/(-12). Calculate the highest common divisor of x and 3.
3
Let g = -18 - -33. What is the greatest common divisor of g and 120?
15
Suppose -i = -p + 123, 4*p + 5*i = p + 345. What is the highest common divisor of 15 and p?
15
Suppose 0 = -3*q + 83 + 91. Suppose -96 - q = -2*c. Calculate the highest common factor of c and 11.
11
Let l = 1067 + -703. Let x be l/3 + 1/(-3). Suppose 0*q - q + 11 = 0. What is the greatest common factor of x and q?
11
Let k = -25 + 73. Suppose 3*w - w - 32 = 2*g, -68 = -5*w + 2*g. Calculate the highest common divisor of k and w.
12
Let p be 1026/8 + (-7)/28. What is the highest common factor of p and 16?
16
Suppose 4*n + 39 = o, -2*o - 3*n - n = -66. Calculate the greatest common factor of o and 21.
7
Suppose -3*s = 5*o - 19, 2*o + 2*o + 4 = 0. Suppose -w + 80 = 8. What is the greatest common factor of w and s?
8
Suppose -5*n = -6*n + 43. Suppose 5*x = -2*z - 0 + 11, n = 5*z - 3*x. Calculate the highest common factor of 80 and z.
8
Let k be 14*4 - (2 - 3). Suppose -2*n - n = -k. Let q be -2 + (100 - 2) + -1. Calculate the highest common divisor of n and q.
19
Let f be 9/(-6)*80/(-3). Let c(x) = x**2 - 5*x - 1. Let v be (-23)/(-4) + 5/20. Let s be c(v). Calculate the greatest common divisor of f and s.
5
Let o = 88 - 20. Suppose y - 